{"id":152,"date":"2019-04-04T20:07:35","date_gmt":"2019-04-04T18:07:35","guid":{"rendered":"http:\/\/immobilienulm.de\/?page_id=152"},"modified":"2023-10-17T09:29:11","modified_gmt":"2023-10-17T07:29:11","slug":"katastervermessung","status":"publish","type":"page","link":"https:\/\/www.\u00f6bv-rebien.de\/?page_id=152","title":{"rendered":"Katastervermessung"},"content":{"rendered":"\t\t<div data-elementor-type=\"wp-post\" data-elementor-id=\"152\" class=\"elementor elementor-152\" data-elementor-post-type=\"page\">\n\t\t\t\t\t\t<section class=\"elementor-section elementor-top-section elementor-element elementor-element-106adedb elementor-section-full_width elementor-section-height-default elementor-section-height-default\" data-id=\"106adedb\" data-element_type=\"section\" data-settings=\"{&quot;background_background&quot;:&quot;classic&quot;}\">\n\t\t\t\t\t\t<div class=\"elementor-container elementor-column-gap-default\">\n\t\t\t\t\t<div class=\"elementor-column elementor-col-50 elementor-top-column elementor-element elementor-element-4086af70\" data-id=\"4086af70\" data-element_type=\"column\" data-settings=\"{&quot;background_background&quot;:&quot;classic&quot;}\">\n\t\t\t<div class=\"elementor-widget-wrap elementor-element-populated\">\n\t\t\t\t\t\t<div class=\"elementor-element elementor-element-079b845 elementor-widget elementor-widget-heading\" data-id=\"079b845\" data-element_type=\"widget\" data-widget_type=\"heading.default\">\n\t\t\t\t<div class=\"elementor-widget-container\">\n\t\t\t\t\t<h1 class=\"elementor-heading-title elementor-size-large\">Katastervermessungen<\/h1>\t\t\t\t<\/div>\n\t\t\t\t<\/div>\n\t\t\t\t<div class=\"elementor-element elementor-element-bfcb703 elementor-widget-divider--view-line elementor-widget elementor-widget-divider\" data-id=\"bfcb703\" data-element_type=\"widget\" data-widget_type=\"divider.default\">\n\t\t\t\t<div class=\"elementor-widget-container\">\n\t\t\t\t\t\t\t<div class=\"elementor-divider\">\n\t\t\t<span class=\"elementor-divider-separator\">\n\t\t\t\t\t\t<\/span>\n\t\t<\/div>\n\t\t\t\t\t\t<\/div>\n\t\t\t\t<\/div>\n\t\t\t\t<div class=\"elementor-element elementor-element-b4e0a45 elementor-widget elementor-widget-text-editor\" data-id=\"b4e0a45\" data-element_type=\"widget\" data-widget_type=\"text-editor.default\">\n\t\t\t\t<div class=\"elementor-widget-container\">\n\t\t\t\t\t\t\t\t\t<h4 style=\"text-align: left;\">Was sind Katastervermessungen?<\/h4><p style=\"text-align: left;\">Vereinfacht gesagt: immer wenn sich Grenzen am Grundst\u00fcck \u00e4ndern oder wenn die Lage der Grenzpunkte unklar ist, kann Ihnen ein \u00d6ffentlich bestellter Vermessungsingenieur mittels der sog. Katastervermessung weiter helfen.<\/p><p style=\"text-align: left;\">Es werden neue Grenzen bestimmt \/ vorhandene Grenzen ge\u00e4ndert, fehlende Grenzpunkte in der \u00d6rtlichkeit abgemarkt oder die Geb\u00e4udeaufnahme f\u00fcr das Liegenschaftskataster durchgef\u00fchrt.<\/p>\t\t\t\t\t\t\t\t<\/div>\n\t\t\t\t<\/div>\n\t\t\t\t\t<\/div>\n\t\t<\/div>\n\t\t\t\t<div class=\"elementor-column elementor-col-50 elementor-top-column elementor-element elementor-element-64245081 elementor-hidden-tablet elementor-hidden-phone\" data-id=\"64245081\" data-element_type=\"column\" data-settings=\"{&quot;background_background&quot;:&quot;classic&quot;}\">\n\t\t\t<div class=\"elementor-widget-wrap elementor-element-populated\">\n\t\t\t\t\t\t<div class=\"elementor-element elementor-element-7ae959d elementor-widget elementor-widget-spacer\" data-id=\"7ae959d\" data-element_type=\"widget\" data-widget_type=\"spacer.default\">\n\t\t\t\t<div class=\"elementor-widget-container\">\n\t\t\t\t\t\t\t<div class=\"elementor-spacer\">\n\t\t\t<div class=\"elementor-spacer-inner\"><\/div>\n\t\t<\/div>\n\t\t\t\t\t\t<\/div>\n\t\t\t\t<\/div>\n\t\t\t\t\t<\/div>\n\t\t<\/div>\n\t\t\t\t\t<\/div>\n\t\t<\/section>\n\t\t\t\t<section class=\"elementor-section elementor-top-section elementor-element elementor-element-1ee04ae elementor-section-full_width elementor-section-height-default elementor-section-height-default\" data-id=\"1ee04ae\" data-element_type=\"section\" data-settings=\"{&quot;background_background&quot;:&quot;classic&quot;}\">\n\t\t\t\t\t\t<div class=\"elementor-container elementor-column-gap-default\">\n\t\t\t\t\t<div class=\"elementor-column elementor-col-50 elementor-top-column elementor-element elementor-element-17695f9\" data-id=\"17695f9\" data-element_type=\"column\" data-settings=\"{&quot;background_background&quot;:&quot;classic&quot;}\">\n\t\t\t<div class=\"elementor-widget-wrap elementor-element-populated\">\n\t\t\t\t\t\t<div class=\"elementor-element elementor-element-e3a647b elementor-widget elementor-widget-spacer\" data-id=\"e3a647b\" data-element_type=\"widget\" data-widget_type=\"spacer.default\">\n\t\t\t\t<div class=\"elementor-widget-container\">\n\t\t\t\t\t\t\t<div class=\"elementor-spacer\">\n\t\t\t<div class=\"elementor-spacer-inner\"><\/div>\n\t\t<\/div>\n\t\t\t\t\t\t<\/div>\n\t\t\t\t<\/div>\n\t\t\t\t\t<\/div>\n\t\t<\/div>\n\t\t\t\t<div class=\"elementor-column elementor-col-50 elementor-top-column elementor-element elementor-element-7b36e46\" data-id=\"7b36e46\" data-element_type=\"column\" data-settings=\"{&quot;background_background&quot;:&quot;classic&quot;}\">\n\t\t\t<div class=\"elementor-widget-wrap elementor-element-populated\">\n\t\t\t\t\t\t<div class=\"elementor-element elementor-element-b1d09bd elementor-widget elementor-widget-heading\" data-id=\"b1d09bd\" data-element_type=\"widget\" data-widget_type=\"heading.default\">\n\t\t\t\t<div class=\"elementor-widget-container\">\n\t\t\t\t\t<h2 class=\"elementor-heading-title elementor-size-large\">Die Leistungen im Einzelnen:<\/h2>\t\t\t\t<\/div>\n\t\t\t\t<\/div>\n\t\t\t\t<div class=\"elementor-element elementor-element-88e9ca9 elementor-widget-divider--view-line elementor-widget elementor-widget-divider\" data-id=\"88e9ca9\" data-element_type=\"widget\" data-widget_type=\"divider.default\">\n\t\t\t\t<div class=\"elementor-widget-container\">\n\t\t\t\t\t\t\t<div class=\"elementor-divider\">\n\t\t\t<span class=\"elementor-divider-separator\">\n\t\t\t\t\t\t<\/span>\n\t\t<\/div>\n\t\t\t\t\t\t<\/div>\n\t\t\t\t<\/div>\n\t\t\t\t<div class=\"elementor-element elementor-element-b9983f6 elementor-widget elementor-widget-text-editor\" data-id=\"b9983f6\" data-element_type=\"widget\" data-widget_type=\"text-editor.default\">\n\t\t\t\t<div class=\"elementor-widget-container\">\n\t\t\t\t\t\t\t\t\t<ul><li><strong>Grundst\u00fccksteilungen<\/strong><br \/>mit Fortf\u00fchrungsnachweis f\u00fcr die Fortf\u00fchrung des Liegenschaftskatasters und als Grundlage f\u00fcr die notariellen Vorg\u00e4nge, auf Wunsch einschlie\u00dflich \u00dcbertragung der neuen Grenzpunkte in die \u00d6rtlichkeit (sog. &#8222;Abmarkung&#8220; der Grenze).<\/li><li><strong>Grenzfeststellungen und Abmarkung von Grenzpunkten<\/strong><br \/>Aufzeigen der Grenzen vor Ort oder Abmarkung besch\u00e4digter \/ fehlender Grenzpunkte<\/li><li><strong>Geb\u00e4udeaufnahmen f\u00fcr das Liegenschaftskataster<\/strong><\/li><li><strong>Baulandumlegungen nach BauGB<\/strong><\/li><li><strong>Stra\u00dfenschlu\u00dfvermessungen<\/strong><\/li><\/ul>\t\t\t\t\t\t\t\t<\/div>\n\t\t\t\t<\/div>\n\t\t\t\t\t<\/div>\n\t\t<\/div>\n\t\t\t\t\t<\/div>\n\t\t<\/section>\n\t\t\t\t<section class=\"elementor-section elementor-top-section elementor-element elementor-element-69414e79 elementor-section-height-min-height elementor-section-boxed elementor-section-height-default elementor-section-items-middle\" data-id=\"69414e79\" data-element_type=\"section\" data-settings=\"{&quot;background_background&quot;:&quot;classic&quot;}\">\n\t\t\t\t\t\t\t<div class=\"elementor-background-overlay\"><\/div>\n\t\t\t\t\t\t\t<div class=\"elementor-container elementor-column-gap-default\">\n\t\t\t\t\t<div class=\"elementor-column elementor-col-100 elementor-top-column elementor-element elementor-element-6ee2c720\" data-id=\"6ee2c720\" data-element_type=\"column\">\n\t\t\t<div class=\"elementor-widget-wrap elementor-element-populated\">\n\t\t\t\t\t\t<div class=\"elementor-element elementor-element-646b75b9 elementor-widget elementor-widget-heading\" data-id=\"646b75b9\" data-element_type=\"widget\" data-widget_type=\"heading.default\">\n\t\t\t\t<div class=\"elementor-widget-container\">\n\t\t\t\t\t<h2 class=\"elementor-heading-title elementor-size-default\">Sie ben\u00f6tigen Beratung?<\/h2>\t\t\t\t<\/div>\n\t\t\t\t<\/div>\n\t\t\t\t<div class=\"elementor-element elementor-element-28beebe3 elementor-widget-divider--view-line elementor-widget elementor-widget-divider\" data-id=\"28beebe3\" data-element_type=\"widget\" data-widget_type=\"divider.default\">\n\t\t\t\t<div class=\"elementor-widget-container\">\n\t\t\t\t\t\t\t<div class=\"elementor-divider\">\n\t\t\t<span class=\"elementor-divider-separator\">\n\t\t\t\t\t\t<\/span>\n\t\t<\/div>\n\t\t\t\t\t\t<\/div>\n\t\t\t\t<\/div>\n\t\t\t\t<div class=\"elementor-element elementor-element-7011c867 elementor-widget elementor-widget-text-editor\" data-id=\"7011c867\" data-element_type=\"widget\" data-widget_type=\"text-editor.default\">\n\t\t\t\t<div class=\"elementor-widget-container\">\n\t\t\t\t\t\t\t\t\t<h4>Scheuen Sie sich nicht uns zu kontaktieren.<\/h4>\t\t\t\t\t\t\t\t<\/div>\n\t\t\t\t<\/div>\n\t\t\t\t<div class=\"elementor-element elementor-element-46970159 elementor-align-center elementor-widget elementor-widget-button\" data-id=\"46970159\" data-element_type=\"widget\" data-widget_type=\"button.default\">\n\t\t\t\t<div class=\"elementor-widget-container\">\n\t\t\t\t\t\t\t\t\t<div class=\"elementor-button-wrapper\">\n\t\t\t\t\t<a class=\"elementor-button elementor-button-link elementor-size-sm\" href=\"https:\/\/www.\u00f6bv-rebien.de\/?page_id=77\">\n\t\t\t\t\t\t<span class=\"elementor-button-content-wrapper\">\n\t\t\t\t\t\t\t\t\t<span class=\"elementor-button-text\">Wir beraten Sie gerne.<\/span>\n\t\t\t\t\t<\/span>\n\t\t\t\t\t<\/a>\n\t\t\t\t<\/div>\n\t\t\t\t\t\t\t\t<\/div>\n\t\t\t\t<\/div>\n\t\t\t\t\t<\/div>\n\t\t<\/div>\n\t\t\t\t\t<\/div>\n\t\t<\/section>\n\t\t\t\t<\/div>\n\t\t","protected":false},"excerpt":{"rendered":"<p>Katastervermessungen Was sind Katastervermessungen? Vereinfacht gesagt: immer wenn sich Grenzen am Grundst\u00fcck \u00e4ndern oder wenn die Lage der Grenzpunkte unklar ist, kann Ihnen ein \u00d6ffentlich bestellter Vermessungsingenieur mittels der sog. Katastervermessung weiter helfen. Es werden neue Grenzen bestimmt \/ vorhandene Grenzen ge\u00e4ndert, fehlende Grenzpunkte in der \u00d6rtlichkeit abgemarkt oder die Geb\u00e4udeaufnahme f\u00fcr das Liegenschaftskataster durchgef\u00fchrt. [&hellip;]<\/p>\n","protected":false},"author":4,"featured_media":0,"parent":0,"menu_order":0,"comment_status":"closed","ping_status":"closed","template":"","meta":{"footnotes":""},"class_list":["post-152","page","type-page","status-publish","hentry"],"yoast_head":"<!-- This site is optimized with the Yoast SEO plugin v24.9 - https:\/\/yoast.com\/wordpress\/plugins\/seo\/ -->\n<title>Katastervermessung - Vermessungsb\u00fcro Rebien | Grundst\u00fccksteilungen<\/title>\n<meta name=\"description\" content=\"Grundst\u00fccksteilungen, Grenzfeststellungen und Abmarkung von Grenzpunkten, Stra\u00dfenschlu\u00dfvermessungen, Geb\u00e4udeaufnahmen f\u00fcr das Liegenschaftskataster\" \/>\n<meta name=\"robots\" content=\"index, follow, max-snippet:-1, max-image-preview:large, max-video-preview:-1\" \/>\n<link rel=\"canonical\" href=\"https:\/\/www.\u00f6bv-rebien.de\/?page_id=152\" \/>\n<meta property=\"og:locale\" content=\"de_DE\" \/>\n<meta property=\"og:type\" content=\"article\" \/>\n<meta property=\"og:title\" content=\"Katastervermessung - Vermessungsb\u00fcro Rebien | Grundst\u00fccksteilungen\" \/>\n<meta property=\"og:description\" content=\"Grundst\u00fccksteilungen, Grenzfeststellungen und Abmarkung von Grenzpunkten, Stra\u00dfenschlu\u00dfvermessungen, Geb\u00e4udeaufnahmen f\u00fcr das Liegenschaftskataster\" \/>\n<meta property=\"og:url\" content=\"https:\/\/www.\u00f6bv-rebien.de\/?page_id=152\" \/>\n<meta property=\"og:site_name\" content=\"Vermessungsb\u00fcro Rebien\" \/>\n<meta property=\"article:modified_time\" content=\"2023-10-17T07:29:11+00:00\" \/>\n<meta name=\"twitter:card\" content=\"summary_large_image\" \/>\n<meta name=\"twitter:label1\" content=\"Gesch\u00e4tzte Lesezeit\" \/>\n\t<meta name=\"twitter:data1\" content=\"1\u00a0Minute\" \/>\n<script type=\"application\/ld+json\" class=\"yoast-schema-graph\">{\"@context\":\"https:\/\/schema.org\",\"@graph\":[{\"@type\":\"WebPage\",\"@id\":\"https:\/\/www.\u00f6bv-rebien.de\/?page_id=152\",\"url\":\"https:\/\/www.\u00f6bv-rebien.de\/?page_id=152\",\"name\":\"Katastervermessung - Vermessungsb\u00fcro Rebien | Grundst\u00fccksteilungen\",\"isPartOf\":{\"@id\":\"https:\/\/www.\u00f6bv-rebien.de\/#website\"},\"datePublished\":\"2019-04-04T18:07:35+00:00\",\"dateModified\":\"2023-10-17T07:29:11+00:00\",\"description\":\"Grundst\u00fccksteilungen, Grenzfeststellungen und Abmarkung von Grenzpunkten, Stra\u00dfenschlu\u00dfvermessungen, Geb\u00e4udeaufnahmen f\u00fcr das Liegenschaftskataster\",\"breadcrumb\":{\"@id\":\"https:\/\/www.\u00f6bv-rebien.de\/?page_id=152#breadcrumb\"},\"inLanguage\":\"de\",\"potentialAction\":[{\"@type\":\"ReadAction\",\"target\":[\"https:\/\/www.\u00f6bv-rebien.de\/?page_id=152\"]}]},{\"@type\":\"BreadcrumbList\",\"@id\":\"https:\/\/www.\u00f6bv-rebien.de\/?page_id=152#breadcrumb\",\"itemListElement\":[{\"@type\":\"ListItem\",\"position\":1,\"name\":\"Startseite\",\"item\":\"https:\/\/www.\u00f6bv-rebien.de\/\"},{\"@type\":\"ListItem\",\"position\":2,\"name\":\"Katastervermessung\"}]},{\"@type\":\"WebSite\",\"@id\":\"https:\/\/www.\u00f6bv-rebien.de\/#website\",\"url\":\"https:\/\/www.\u00f6bv-rebien.de\/\",\"name\":\"Vermessungsb\u00fcro Rebien\",\"description\":\"\u00d6ffentlich bestellte Vermessungsingeniure\",\"publisher\":{\"@id\":\"https:\/\/www.\u00f6bv-rebien.de\/#organization\"},\"potentialAction\":[{\"@type\":\"SearchAction\",\"target\":{\"@type\":\"EntryPoint\",\"urlTemplate\":\"https:\/\/www.\u00f6bv-rebien.de\/?s={search_term_string}\"},\"query-input\":{\"@type\":\"PropertyValueSpecification\",\"valueRequired\":true,\"valueName\":\"search_term_string\"}}],\"inLanguage\":\"de\"},{\"@type\":\"Organization\",\"@id\":\"https:\/\/www.\u00f6bv-rebien.de\/#organization\",\"name\":\"Vermessungsb\u00fcro Rebien\",\"url\":\"https:\/\/www.\u00f6bv-rebien.de\/\",\"logo\":{\"@type\":\"ImageObject\",\"inLanguage\":\"de\",\"@id\":\"https:\/\/www.\u00f6bv-rebien.de\/#\/schema\/logo\/image\/\",\"url\":\"https:\/\/www.\u00f6bv-rebien.de\/wp-content\/uploads\/2019\/10\/cropped-logo_neu.png\",\"contentUrl\":\"https:\/\/www.\u00f6bv-rebien.de\/wp-content\/uploads\/2019\/10\/cropped-logo_neu.png\",\"width\":600,\"height\":147,\"caption\":\"Vermessungsb\u00fcro Rebien\"},\"image\":{\"@id\":\"https:\/\/www.\u00f6bv-rebien.de\/#\/schema\/logo\/image\/\"}}]}<\/script>\n<!-- \/ Yoast SEO plugin. -->","yoast_head_json":{"title":"Katastervermessung - Vermessungsb\u00fcro Rebien | Grundst\u00fccksteilungen","description":"Grundst\u00fccksteilungen, Grenzfeststellungen und Abmarkung von Grenzpunkten, Stra\u00dfenschlu\u00dfvermessungen, Geb\u00e4udeaufnahmen f\u00fcr das Liegenschaftskataster","robots":{"index":"index","follow":"follow","max-snippet":"max-snippet:-1","max-image-preview":"max-image-preview:large","max-video-preview":"max-video-preview:-1"},"canonical":"https:\/\/www.\u00f6bv-rebien.de\/?page_id=152","og_locale":"de_DE","og_type":"article","og_title":"Katastervermessung - Vermessungsb\u00fcro Rebien | Grundst\u00fccksteilungen","og_description":"Grundst\u00fccksteilungen, Grenzfeststellungen und Abmarkung von Grenzpunkten, Stra\u00dfenschlu\u00dfvermessungen, Geb\u00e4udeaufnahmen f\u00fcr das Liegenschaftskataster","og_url":"https:\/\/www.\u00f6bv-rebien.de\/?page_id=152","og_site_name":"Vermessungsb\u00fcro Rebien","article_modified_time":"2023-10-17T07:29:11+00:00","twitter_card":"summary_large_image","twitter_misc":{"Gesch\u00e4tzte Lesezeit":"1\u00a0Minute"},"schema":{"@context":"https:\/\/schema.org","@graph":[{"@type":"WebPage","@id":"https:\/\/www.\u00f6bv-rebien.de\/?page_id=152","url":"https:\/\/www.\u00f6bv-rebien.de\/?page_id=152","name":"Katastervermessung - Vermessungsb\u00fcro Rebien | Grundst\u00fccksteilungen","isPartOf":{"@id":"https:\/\/www.\u00f6bv-rebien.de\/#website"},"datePublished":"2019-04-04T18:07:35+00:00","dateModified":"2023-10-17T07:29:11+00:00","description":"Grundst\u00fccksteilungen, Grenzfeststellungen und Abmarkung von Grenzpunkten, Stra\u00dfenschlu\u00dfvermessungen, Geb\u00e4udeaufnahmen f\u00fcr das Liegenschaftskataster","breadcrumb":{"@id":"https:\/\/www.\u00f6bv-rebien.de\/?page_id=152#breadcrumb"},"inLanguage":"de","potentialAction":[{"@type":"ReadAction","target":["https:\/\/www.\u00f6bv-rebien.de\/?page_id=152"]}]},{"@type":"BreadcrumbList","@id":"https:\/\/www.\u00f6bv-rebien.de\/?page_id=152#breadcrumb","itemListElement":[{"@type":"ListItem","position":1,"name":"Startseite","item":"https:\/\/www.\u00f6bv-rebien.de\/"},{"@type":"ListItem","position":2,"name":"Katastervermessung"}]},{"@type":"WebSite","@id":"https:\/\/www.\u00f6bv-rebien.de\/#website","url":"https:\/\/www.\u00f6bv-rebien.de\/","name":"Vermessungsb\u00fcro Rebien","description":"\u00d6ffentlich bestellte Vermessungsingeniure","publisher":{"@id":"https:\/\/www.\u00f6bv-rebien.de\/#organization"},"potentialAction":[{"@type":"SearchAction","target":{"@type":"EntryPoint","urlTemplate":"https:\/\/www.\u00f6bv-rebien.de\/?s={search_term_string}"},"query-input":{"@type":"PropertyValueSpecification","valueRequired":true,"valueName":"search_term_string"}}],"inLanguage":"de"},{"@type":"Organization","@id":"https:\/\/www.\u00f6bv-rebien.de\/#organization","name":"Vermessungsb\u00fcro Rebien","url":"https:\/\/www.\u00f6bv-rebien.de\/","logo":{"@type":"ImageObject","inLanguage":"de","@id":"https:\/\/www.\u00f6bv-rebien.de\/#\/schema\/logo\/image\/","url":"https:\/\/www.\u00f6bv-rebien.de\/wp-content\/uploads\/2019\/10\/cropped-logo_neu.png","contentUrl":"https:\/\/www.\u00f6bv-rebien.de\/wp-content\/uploads\/2019\/10\/cropped-logo_neu.png","width":600,"height":147,"caption":"Vermessungsb\u00fcro Rebien"},"image":{"@id":"https:\/\/www.\u00f6bv-rebien.de\/#\/schema\/logo\/image\/"}}]}},"_links":{"self":[{"href":"https:\/\/www.\u00f6bv-rebien.de\/index.php?rest_route=\/wp\/v2\/pages\/152","targetHints":{"allow":["GET"]}}],"collection":[{"href":"https:\/\/www.\u00f6bv-rebien.de\/index.php?rest_route=\/wp\/v2\/pages"}],"about":[{"href":"https:\/\/www.\u00f6bv-rebien.de\/index.php?rest_route=\/wp\/v2\/types\/page"}],"author":[{"embeddable":true,"href":"https:\/\/www.\u00f6bv-rebien.de\/index.php?rest_route=\/wp\/v2\/users\/4"}],"replies":[{"embeddable":true,"href":"https:\/\/www.\u00f6bv-rebien.de\/index.php?rest_route=%2Fwp%2Fv2%2Fcomments&post=152"}],"version-history":[{"count":47,"href":"https:\/\/www.\u00f6bv-rebien.de\/index.php?rest_route=\/wp\/v2\/pages\/152\/revisions"}],"predecessor-version":[{"id":723,"href":"https:\/\/www.\u00f6bv-rebien.de\/index.php?rest_route=\/wp\/v2\/pages\/152\/revisions\/723"}],"wp:attachment":[{"href":"https:\/\/www.\u00f6bv-rebien.de\/index.php?rest_route=%2Fwp%2Fv2%2Fmedia&parent=152"}],"curies":[{"name":"wp","href":"https:\/\/api.w.org\/{rel}","templated":true}]}}